{"id":5650,"date":"2023-01-16T12:56:04","date_gmt":"2023-01-16T10:56:04","guid":{"rendered":"https:\/\/www.fsmasters.lv\/?page_id=5650"},"modified":"2025-04-28T06:33:31","modified_gmt":"2025-04-28T04:33:31","slug":"komandas","status":"publish","type":"page","link":"https:\/\/www.fsmasters.lv\/?page_id=5650","title":{"rendered":"Komandas"},"content":{"rendered":"\n<div class=\"wp-block-columns is-layout-flex wp-container-core-columns-layout-1 wp-block-columns-is-layout-flex\">\n<div class=\"wp-block-column is-layout-flow wp-block-column-is-layout-flow\">\n<h2 class=\"wp-block-heading has-text-align-center\">Virsl\u012bga<\/h2>\n\n\n\n<figure class=\"wp-block-image size-full\"><img fetchpriority=\"high\" decoding=\"async\" width=\"1200\" height=\"801\" src=\"https:\/\/www.fsmasters.lv\/wp-content\/uploads\/2025\/04\/VV_2025.jpg\" alt=\"\" class=\"wp-image-6620\" srcset=\"https:\/\/www.fsmasters.lv\/wp-content\/uploads\/2025\/04\/VV_2025.jpg 1200w, https:\/\/www.fsmasters.lv\/wp-content\/uploads\/2025\/04\/VV_2025-300x200.jpg 300w, https:\/\/www.fsmasters.lv\/wp-content\/uploads\/2025\/04\/VV_2025-1024x684.jpg 1024w, https:\/\/www.fsmasters.lv\/wp-content\/uploads\/2025\/04\/VV_2025-600x400.jpg 600w\" sizes=\"(max-width: 1200px) 100vw, 1200px\" \/><\/figure>\n\n\n\n<p class=\"has-text-align-center\"><strong>FS Masters\/Ulbroka<\/strong><\/p>\n\n\n\n<p>FS &#8220;Masters&#8221; kluba galven\u0101 komanda, kur\u0101 sp\u0113l\u0113 lab\u0101kie kluba sist\u0113m\u0101 izaudzin\u0101tie sportisti. Latvijas augst\u0101kaj\u0101 l\u012bmen\u012b &#8211; virsl\u012bgas \u010dempion\u0101t\u0101 piedal\u0101s kop\u0161 2009.gada.<\/p>\n\n\n\n<p><strong>Latvijas \u010dempioni:<\/strong><br>2016\/2017.gada sezon\u0101;<br>2017\/2018.gada sezon\u0101;<br>2023\/2024.gada sezon\u0101;<br>2024\/2025.gada sezon\u0101.<\/p>\n\n\n\n<p><strong>Sudrabs<\/strong>:<br>2018\/2019.gada sezon\u0101.<\/p>\n\n\n\n<p><strong>Bronza<\/strong>:<br>2022\/2023.gada sezon\u0101.<\/p>\n<\/div>\n\n\n\n<div class=\"wp-block-column is-layout-flow wp-block-column-is-layout-flow\">\n<h2 class=\"wp-block-heading has-text-align-center\">1.l\u012bga<\/h2>\n\n\n\n<figure class=\"wp-block-image size-large\"><a href=\"https:\/\/www.fsmasters.lv\/?page_id=981\"><img decoding=\"async\" width=\"1024\" height=\"681\" src=\"https:\/\/www.fsmasters.lv\/wp-content\/uploads\/2023\/01\/2022_LU_arena-1024x681.jpeg\" alt=\"\" class=\"wp-image-5627\" srcset=\"https:\/\/www.fsmasters.lv\/wp-content\/uploads\/2023\/01\/2022_LU_arena-1024x681.jpeg 1024w, https:\/\/www.fsmasters.lv\/wp-content\/uploads\/2023\/01\/2022_LU_arena-300x200.jpeg 300w, https:\/\/www.fsmasters.lv\/wp-content\/uploads\/2023\/01\/2022_LU_arena-768x511.jpeg 768w, https:\/\/www.fsmasters.lv\/wp-content\/uploads\/2023\/01\/2022_LU_arena-1536x1022.jpeg 1536w, https:\/\/www.fsmasters.lv\/wp-content\/uploads\/2023\/01\/2022_LU_arena-2048x1363.jpeg 2048w, https:\/\/www.fsmasters.lv\/wp-content\/uploads\/2023\/01\/2022_LU_arena-2000x1331.jpeg 2000w, https:\/\/www.fsmasters.lv\/wp-content\/uploads\/2023\/01\/2022_LU_arena-600x399.jpeg 600w, https:\/\/www.fsmasters.lv\/wp-content\/uploads\/2023\/01\/2022_LU_arena-1200x798.jpeg 1200w\" sizes=\"(max-width: 1024px) 100vw, 1024px\" \/><\/a><\/figure>\n\n\n\n<p class=\"has-text-align-center\"><strong>Latvijas Universit\u0101te\/FS Masters<\/strong><\/p>\n\n\n\n<p>Virsl\u012bgas b\u0101zes komanda &#8211; farmklubs, kur\u0101 apvienoti kluba lab\u0101kie juniori. Piedal\u0101s Latvijas \u010dempion\u0101ta 1.l\u012bg\u0101, g\u016bstot svar\u012bgu pieredzi jau pieaugu\u0161o \u010dempion\u0101t\u0101. <\/p>\n\n\n\n<p><strong>Latvijas \u010dempioni:<\/strong><br>2014\/2015.gada sezon\u0101;<br>2021\/2022.gada sezon\u0101.<\/p>\n\n\n\n<p><strong>Latvijas 1.l\u012bgas Superkausa ieguv\u0113ji:<\/strong><br>2021\/2022.gada sezon\u0101.<\/p>\n\n\n\n<p><strong>Sudrabs<\/strong>:<br>2022\/2023.gada sezon\u0101.<\/p>\n<\/div>\n<\/div>\n\n\n\n<hr class=\"wp-block-separator has-alpha-channel-opacity is-style-wide\"\/>\n\n\n\n<div class=\"wp-block-columns is-layout-flex wp-container-core-columns-layout-2 wp-block-columns-is-layout-flex\">\n<div class=\"wp-block-column is-layout-flow wp-block-column-is-layout-flow\">\n<h2 class=\"wp-block-heading has-text-align-center\">U18<\/h2>\n\n\n\n<figure class=\"wp-block-image size-full\"><a href=\"https:\/\/www.fsmasters.lv\/?page_id=5658\"><img decoding=\"async\" width=\"800\" height=\"533\" src=\"https:\/\/www.fsmasters.lv\/wp-content\/uploads\/2023\/01\/2013_U18_1.vieta_.jpeg\" alt=\"\" class=\"wp-image-5677\" srcset=\"https:\/\/www.fsmasters.lv\/wp-content\/uploads\/2023\/01\/2013_U18_1.vieta_.jpeg 800w, https:\/\/www.fsmasters.lv\/wp-content\/uploads\/2023\/01\/2013_U18_1.vieta_-300x200.jpeg 300w, https:\/\/www.fsmasters.lv\/wp-content\/uploads\/2023\/01\/2013_U18_1.vieta_-768x512.jpeg 768w, https:\/\/www.fsmasters.lv\/wp-content\/uploads\/2023\/01\/2013_U18_1.vieta_-600x400.jpeg 600w\" sizes=\"(max-width: 800px) 100vw, 800px\" \/><\/a><\/figure>\n\n\n\n<p>Junioru komanda vecum\u0101 l\u012bdz 18 gadiem.<\/p>\n\n\n\n<p><strong>Latvijas \u010dempioni:<\/strong><br>2012\/2013.gada sezon\u0101.<\/p>\n<\/div>\n\n\n\n<div class=\"wp-block-column is-layout-flow wp-block-column-is-layout-flow\">\n<h2 class=\"wp-block-heading has-text-align-center\">U16<\/h2>\n\n\n\n<figure class=\"wp-block-image size-full\"><a href=\"https:\/\/www.fsmasters.lv\/?page_id=5698\"><img loading=\"lazy\" decoding=\"async\" width=\"800\" height=\"533\" src=\"https:\/\/www.fsmasters.lv\/wp-content\/uploads\/2023\/01\/2018_U16.jpeg\" alt=\"\" class=\"wp-image-5865\" srcset=\"https:\/\/www.fsmasters.lv\/wp-content\/uploads\/2023\/01\/2018_U16.jpeg 800w, https:\/\/www.fsmasters.lv\/wp-content\/uploads\/2023\/01\/2018_U16-300x200.jpeg 300w, https:\/\/www.fsmasters.lv\/wp-content\/uploads\/2023\/01\/2018_U16-768x512.jpeg 768w, https:\/\/www.fsmasters.lv\/wp-content\/uploads\/2023\/01\/2018_U16-600x400.jpeg 600w\" sizes=\"(max-width: 800px) 100vw, 800px\" \/><\/a><\/figure>\n\n\n\n<p>Junioru komanda vecum\u0101 l\u012bdz 16 gadiem.<\/p>\n\n\n\n<p><strong>Latvijas \u010dempioni:<\/strong><br>2011\/2012.gada sezon\u0101;<br>2014\/2015.gada sezon\u0101;<br>2017\/2018.gada sezon\u0101;<br>2018\/2019.gada sezon\u0101.<\/p>\n<\/div>\n\n\n\n<div class=\"wp-block-column is-layout-flow wp-block-column-is-layout-flow\">\n<h2 class=\"wp-block-heading has-text-align-center\">U15<\/h2>\n\n\n\n<figure class=\"wp-block-image size-full\"><a href=\"https:\/\/www.fsmasters.lv\/?page_id=5750\"><img loading=\"lazy\" decoding=\"async\" width=\"1620\" height=\"1080\" src=\"https:\/\/www.fsmasters.lv\/wp-content\/uploads\/2024\/05\/2024_U15_1.vieta_.jpeg\" alt=\"\" class=\"wp-image-6357\" srcset=\"https:\/\/www.fsmasters.lv\/wp-content\/uploads\/2024\/05\/2024_U15_1.vieta_.jpeg 1620w, https:\/\/www.fsmasters.lv\/wp-content\/uploads\/2024\/05\/2024_U15_1.vieta_-300x200.jpeg 300w, https:\/\/www.fsmasters.lv\/wp-content\/uploads\/2024\/05\/2024_U15_1.vieta_-1024x683.jpeg 1024w, https:\/\/www.fsmasters.lv\/wp-content\/uploads\/2024\/05\/2024_U15_1.vieta_-600x400.jpeg 600w, https:\/\/www.fsmasters.lv\/wp-content\/uploads\/2024\/05\/2024_U15_1.vieta_-1200x800.jpeg 1200w, https:\/\/www.fsmasters.lv\/wp-content\/uploads\/2024\/05\/2024_U15_1.vieta_-1536x1024.jpeg 1536w\" sizes=\"(max-width: 1620px) 100vw, 1620px\" \/><\/a><\/figure>\n\n\n\n<p>Junioru komanda vecum\u0101 l\u012bdz 15 gadiem.<\/p>\n\n\n\n<p><strong>Latvijas \u010dempioni:<\/strong><br>2021\/2022.gada sezon\u0101;<br>2023\/2024.gada sezon\u0101.<\/p>\n<\/div>\n<\/div>\n\n\n\n<hr class=\"wp-block-separator has-alpha-channel-opacity is-style-wide\"\/>\n\n\n\n<div class=\"wp-block-columns is-layout-flex wp-container-core-columns-layout-3 wp-block-columns-is-layout-flex\">\n<div class=\"wp-block-column is-layout-flow wp-block-column-is-layout-flow\">\n<h2 class=\"wp-block-heading has-text-align-center\">U14<\/h2>\n\n\n\n<figure class=\"wp-block-image size-full\"><a href=\"https:\/\/www.fsmasters.lv\/?page_id=5765\"><img loading=\"lazy\" decoding=\"async\" width=\"600\" height=\"400\" src=\"https:\/\/www.fsmasters.lv\/wp-content\/uploads\/2012\/05\/u14_zelts.jpg\" alt=\"\" class=\"wp-image-1680\" srcset=\"https:\/\/www.fsmasters.lv\/wp-content\/uploads\/2012\/05\/u14_zelts.jpg 600w, https:\/\/www.fsmasters.lv\/wp-content\/uploads\/2012\/05\/u14_zelts-300x200.jpg 300w\" sizes=\"(max-width: 600px) 100vw, 600px\" \/><\/a><\/figure>\n\n\n\n<p>Jaunie\u0161u komanda vecum\u0101 l\u012bdz 14 gadiem.<\/p>\n\n\n\n<p><strong>Latvijas \u010dempioni:<\/strong><br>2009\/2010.gada sezon\u0101;<br>2011\/2012.gada sezon\u0101;<br>2012\/2013.gada sezon\u0101.<\/p>\n\n\n\n<p><strong>Latvijas \u010dempioni 2.div\u012bzij\u0101:<\/strong><br>2015\/2016.gada sezon\u0101.<\/p>\n<\/div>\n\n\n\n<div class=\"wp-block-column is-layout-flow wp-block-column-is-layout-flow\">\n<h2 class=\"wp-block-heading has-text-align-center\">U13<\/h2>\n\n\n\n<figure class=\"wp-block-image size-full\"><a href=\"https:\/\/www.fsmasters.lv\/?page_id=5788\"><img loading=\"lazy\" decoding=\"async\" width=\"800\" height=\"533\" src=\"https:\/\/www.fsmasters.lv\/wp-content\/uploads\/2023\/01\/2022_U13_1.vieta_.jpeg\" alt=\"\" class=\"wp-image-5789\" srcset=\"https:\/\/www.fsmasters.lv\/wp-content\/uploads\/2023\/01\/2022_U13_1.vieta_.jpeg 800w, https:\/\/www.fsmasters.lv\/wp-content\/uploads\/2023\/01\/2022_U13_1.vieta_-300x200.jpeg 300w, https:\/\/www.fsmasters.lv\/wp-content\/uploads\/2023\/01\/2022_U13_1.vieta_-768x512.jpeg 768w, https:\/\/www.fsmasters.lv\/wp-content\/uploads\/2023\/01\/2022_U13_1.vieta_-600x400.jpeg 600w\" sizes=\"(max-width: 800px) 100vw, 800px\" \/><\/a><\/figure>\n\n\n\n<p>Jaunie\u0161u komanda vecum\u0101 l\u012bdz 13 gadiem.<\/p>\n\n\n\n<p><strong>Latvijas \u010dempioni:<\/strong><br>2018\/2019.gada sezon\u0101;<br>2021\/2022.gada sezon\u0101;<br>2022\/2023.gada sezon\u0101;<br>2024\/2025.gada sezon\u0101.<\/p>\n\n\n\n<p><strong>Latvijas \u010dempioni 2.div\u012bzij\u0101:<\/strong><br>2021\/2022.gada sezon\u0101.<\/p>\n<\/div>\n\n\n\n<div class=\"wp-block-column is-layout-flow wp-block-column-is-layout-flow\">\n<h2 class=\"wp-block-heading has-text-align-center\">U12<\/h2>\n\n\n\n<figure class=\"wp-block-image size-full\"><a href=\"https:\/\/www.fsmasters.lv\/?page_id=5799\"><img loading=\"lazy\" decoding=\"async\" width=\"1620\" height=\"1080\" src=\"https:\/\/www.fsmasters.lv\/wp-content\/uploads\/2024\/05\/2024_U12_1.vieta_.jpeg\" alt=\"\" class=\"wp-image-6364\" srcset=\"https:\/\/www.fsmasters.lv\/wp-content\/uploads\/2024\/05\/2024_U12_1.vieta_.jpeg 1620w, https:\/\/www.fsmasters.lv\/wp-content\/uploads\/2024\/05\/2024_U12_1.vieta_-300x200.jpeg 300w, https:\/\/www.fsmasters.lv\/wp-content\/uploads\/2024\/05\/2024_U12_1.vieta_-1024x683.jpeg 1024w, https:\/\/www.fsmasters.lv\/wp-content\/uploads\/2024\/05\/2024_U12_1.vieta_-600x400.jpeg 600w, https:\/\/www.fsmasters.lv\/wp-content\/uploads\/2024\/05\/2024_U12_1.vieta_-1200x800.jpeg 1200w, https:\/\/www.fsmasters.lv\/wp-content\/uploads\/2024\/05\/2024_U12_1.vieta_-1536x1024.jpeg 1536w\" sizes=\"(max-width: 1620px) 100vw, 1620px\" \/><\/a><\/figure>\n\n\n\n<p>Jaunie\u0161u komanda vecum\u0101 l\u012bdz 12 gadiem.<\/p>\n\n\n\n<p><strong>Latvijas \u010dempioni:<\/strong><br>2007\/2008.gada sezon\u0101;<br>2009\/2010.gada sezon\u0101;<br>2014\/2015.gada sezon\u0101;<br>2023\/2024.gada sezon\u0101.<\/p>\n<\/div>\n<\/div>\n","protected":false},"excerpt":{"rendered":"<p>Virsl\u012bga FS Masters\/Ulbroka FS &#8220;Masters&#8221; kluba galven\u0101 komanda, kur\u0101 sp\u0113l\u0113 lab\u0101kie kluba sist\u0113m\u0101 izaudzin\u0101tie sportisti. Latvijas augst\u0101kaj\u0101 l\u012bmen\u012b &#8211; virsl\u012bgas \u010dempion\u0101t\u0101 piedal\u0101s kop\u0161 2009.gada. Latvijas \u010dempioni:2016\/2017.gada sezon\u0101;2017\/2018.gada sezon\u0101;2023\/2024.gada sezon\u0101;2024\/2025.gada sezon\u0101. Sudrabs:2018\/2019.gada sezon\u0101. Bronza:2022\/2023.gada sezon\u0101. 1.l\u012bga Latvijas Universit\u0101te\/FS Masters Virsl\u012bgas b\u0101zes komanda &#8211; farmklubs, kur\u0101 apvienoti kluba lab\u0101kie juniori. Piedal\u0101s Latvijas \u010dempion\u0101ta 1.l\u012bg\u0101, g\u016bstot svar\u012bgu pieredzi &hellip; <\/p>\n<p class=\"link-more\"><a href=\"https:\/\/www.fsmasters.lv\/?page_id=5650\" class=\"more-link\">Read more<span class=\"screen-reader-text\"> &#8220;Komandas&#8221;<\/span><\/a><\/p>\n","protected":false},"author":1,"featured_media":0,"parent":0,"menu_order":0,"comment_status":"closed","ping_status":"closed","template":"","meta":{"footnotes":""},"featured_media_urls":[],"_links":{"self":[{"href":"https:\/\/www.fsmasters.lv\/index.php?rest_route=\/wp\/v2\/pages\/5650"}],"collection":[{"href":"https:\/\/www.fsmasters.lv\/index.php?rest_route=\/wp\/v2\/pages"}],"about":[{"href":"https:\/\/www.fsmasters.lv\/index.php?rest_route=\/wp\/v2\/types\/page"}],"author":[{"embeddable":true,"href":"https:\/\/www.fsmasters.lv\/index.php?rest_route=\/wp\/v2\/users\/1"}],"replies":[{"embeddable":true,"href":"https:\/\/www.fsmasters.lv\/index.php?rest_route=%2Fwp%2Fv2%2Fcomments&post=5650"}],"version-history":[{"count":31,"href":"https:\/\/www.fsmasters.lv\/index.php?rest_route=\/wp\/v2\/pages\/5650\/revisions"}],"predecessor-version":[{"id":6667,"href":"https:\/\/www.fsmasters.lv\/index.php?rest_route=\/wp\/v2\/pages\/5650\/revisions\/6667"}],"wp:attachment":[{"href":"https:\/\/www.fsmasters.lv\/index.php?rest_route=%2Fwp%2Fv2%2Fmedia&parent=5650"}],"curies":[{"name":"wp","href":"https:\/\/api.w.org\/{rel}","templated":true}]}}