{"id":333,"date":"2010-08-20T12:43:15","date_gmt":"2010-08-20T10:43:15","guid":{"rendered":"http:\/\/www.fsmasters.lv\/?page_id=333"},"modified":"2025-09-11T12:31:53","modified_gmt":"2025-09-11T10:31:53","slug":"remars-vikanis","status":"publish","type":"page","link":"https:\/\/www.fsmasters.lv\/?page_id=333","title":{"rendered":"Rem\u0101rs Vik\u0101nis"},"content":{"rendered":"\n<div class=\"wp-block-columns is-layout-flex wp-container-core-columns-layout-1 wp-block-columns-is-layout-flex\">\n<div class=\"wp-block-column is-layout-flow wp-block-column-is-layout-flow\" style=\"flex-basis:66.66%\">\n<p>Dzimis 1981.gada 30.maij\u0101. Dzimt\u0101 vieta \u2013 R\u012bga.<\/p>\n\n\n\n<p>Mobilais telefons: <strong>26711158<\/strong><br>E-pasts: <strong>remars[at]fsmasters.lv<\/strong><\/p>\n\n\n\n<p><strong>Florbola BIO:<br><\/strong>Ar florbolu s\u0101cis nodarboties 2000 gad\u0101. Sp\u0113l\u0113jis virsl\u012bgas komand\u0101s &#8220;Lauku Av\u012bze&#8221; (v\u0113l\u0101k &#8220;Latvijas Av\u012bze&#8221;) un &#8220;RTU\/Inspecta&#8221;. Sp\u0113l\u0113t\u0101ja amplu\u0101 &#8211; aizsargs. Izc\u012bn\u012bjis 1 sudraba un 5 zelta meda\u013cas Latvijas \u010dempion\u0101ta Virsl\u012bg\u0101. Vair\u0101kk\u0101rt piedal\u012bjies Eiropas \u010dempionu kausa izc\u012b\u0146as turn\u012br\u0101.<\/p>\n\n\n\n<p><strong>Trenera CV:<br><\/strong>2024.g. l\u012bdz \u0161im laikam Latvijas sievie\u0161u izlases galvenais treneris<br>2008.g. l\u012bdz 2022.g. un 2024.g. l\u012bdz \u0161im laikam 1.l\u012bgas komandas &#8220;Latvijas Universit\u0101te\/FS Masters&#8221; galvenais treneris<strong><br><\/strong>2021.g. l\u012bdz 2023.g. galvenais treneris v\u012brie\u0161u virsl\u012bgas komand\u0101 &#8220;FS Masters\/Ulbroka&#8221;<br>2016.g. l\u012bdz 2021.g. treneris Latvijas U19 izlas\u0113<br>2016.g. l\u012bdz 2019.g. sievie\u0161u virsl\u012bgas komandas &#8220;NND&#8221; galvenais treneris<br>2016.g. treneris Latvijas v\u012brie\u0161u izlas\u0113<br>2009.g. l\u012bdz \u0161im laikam treneris b\u0113rnu un jaunie\u0161u komand\u0101s \u201eFS Masters\/Ulbroka\u201d<\/p>\n\n\n\n<p><strong>Augst\u0101kie trenera sasniegumi:<br><\/strong>1.vieta 2014.\/2015.g. un 2021\/2022.g. Latvijas \u010dempion\u0101ta 1.l\u012bg\u0101 v\u012brie\u0161iem ar komandu &#8220;Latvijas Universit\u0101te\/FS Masters&#8221;;<br>2.vieta 2016.\/2017.g. Latvijas \u010dempion\u0101ta virsl\u012bg\u0101 sieviet\u0113m ar komandu &#8220;NND&#8221;;<br>2.vieta 2017.\/2018.g. Latvijas \u010dempion\u0101ta virsl\u012bg\u0101 sieviet\u0113m ar komandu &#8220;NND&#8221;;<br>3.vieta 2022.\/2023.g. Latvijas \u010dempion\u0101t\u0101 virsl\u012bg\u0101 v\u012brie\u0161iem ar komandu &#8220;FS Masters\/Ulbroka&#8221;;<br>1.vieta 2022.g. SELL studentu sp\u0113l\u0113s ar \u201cLatvijas Universit\u0101te\u201d v\u012brie\u0161u komandu;<br>Vair\u0101kk\u0101rt\u0113jas 1.vietas Latvijas Universi\u0101d\u0113 ar \u201cLatvijas Universit\u0101te\u201d v\u012brie\u0161u komandu;<br>Vair\u0101kk\u0101rt\u0113jas 1.vietas L\u010c b\u0113rniem un jaunie\u0161iem ar komand\u0101m \u201eFS Masters\/Ulbroka\u201d;<\/p>\n\n\n\n<p>LFS atzinusi par lab\u0101ko jaunatnes treneri 2014.\/2015. un 2023.\/2024.g sezon\u0101s.<\/p>\n<\/div>\n\n\n\n<div class=\"wp-block-column is-layout-flow wp-block-column-is-layout-flow\" style=\"flex-basis:33.33%\">\n<figure class=\"wp-block-image size-large\"><img fetchpriority=\"high\" decoding=\"async\" width=\"768\" height=\"1024\" src=\"https:\/\/www.fsmasters.lv\/wp-content\/uploads\/2025\/09\/WRVikanis-768x1024.jpg\" alt=\"\" class=\"wp-image-6828\" srcset=\"https:\/\/www.fsmasters.lv\/wp-content\/uploads\/2025\/09\/WRVikanis-768x1024.jpg 768w, https:\/\/www.fsmasters.lv\/wp-content\/uploads\/2025\/09\/WRVikanis-225x300.jpg 225w, https:\/\/www.fsmasters.lv\/wp-content\/uploads\/2025\/09\/WRVikanis.jpg 800w\" sizes=\"(max-width: 768px) 100vw, 768px\" \/><\/figure>\n<\/div>\n<\/div>\n","protected":false},"excerpt":{"rendered":"<p>Dzimis 1981.gada 30.maij\u0101. Dzimt\u0101 vieta \u2013 R\u012bga. Mobilais telefons: 26711158E-pasts: remars[at]fsmasters.lv Florbola BIO:Ar florbolu s\u0101cis nodarboties 2000 gad\u0101. Sp\u0113l\u0113jis virsl\u012bgas komand\u0101s &#8220;Lauku Av\u012bze&#8221; (v\u0113l\u0101k &#8220;Latvijas Av\u012bze&#8221;) un &#8220;RTU\/Inspecta&#8221;. Sp\u0113l\u0113t\u0101ja amplu\u0101 &#8211; aizsargs. Izc\u012bn\u012bjis 1 sudraba un 5 zelta meda\u013cas Latvijas \u010dempion\u0101ta Virsl\u012bg\u0101. Vair\u0101kk\u0101rt piedal\u012bjies Eiropas \u010dempionu kausa izc\u012b\u0146as turn\u012br\u0101. Trenera CV:2024.g. l\u012bdz \u0161im laikam Latvijas &hellip; <\/p>\n<p class=\"link-more\"><a href=\"https:\/\/www.fsmasters.lv\/?page_id=333\" class=\"more-link\">Read more<span class=\"screen-reader-text\"> &#8220;Rem\u0101rs Vik\u0101nis&#8221;<\/span><\/a><\/p>\n","protected":false},"author":1,"featured_media":0,"parent":17,"menu_order":3,"comment_status":"closed","ping_status":"open","template":"","meta":{"footnotes":""},"featured_media_urls":[],"_links":{"self":[{"href":"https:\/\/www.fsmasters.lv\/index.php?rest_route=\/wp\/v2\/pages\/333"}],"collection":[{"href":"https:\/\/www.fsmasters.lv\/index.php?rest_route=\/wp\/v2\/pages"}],"about":[{"href":"https:\/\/www.fsmasters.lv\/index.php?rest_route=\/wp\/v2\/types\/page"}],"author":[{"embeddable":true,"href":"https:\/\/www.fsmasters.lv\/index.php?rest_route=\/wp\/v2\/users\/1"}],"replies":[{"embeddable":true,"href":"https:\/\/www.fsmasters.lv\/index.php?rest_route=%2Fwp%2Fv2%2Fcomments&post=333"}],"version-history":[{"count":36,"href":"https:\/\/www.fsmasters.lv\/index.php?rest_route=\/wp\/v2\/pages\/333\/revisions"}],"predecessor-version":[{"id":6840,"href":"https:\/\/www.fsmasters.lv\/index.php?rest_route=\/wp\/v2\/pages\/333\/revisions\/6840"}],"up":[{"embeddable":true,"href":"https:\/\/www.fsmasters.lv\/index.php?rest_route=\/wp\/v2\/pages\/17"}],"wp:attachment":[{"href":"https:\/\/www.fsmasters.lv\/index.php?rest_route=%2Fwp%2Fv2%2Fmedia&parent=333"}],"curies":[{"name":"wp","href":"https:\/\/api.w.org\/{rel}","templated":true}]}}