{"id":1414,"date":"2012-02-23T17:22:23","date_gmt":"2012-02-23T15:22:23","guid":{"rendered":"http:\/\/www.fsmasters.lv\/?page_id=1414"},"modified":"2026-04-22T14:34:39","modified_gmt":"2026-04-22T12:34:39","slug":"treneri-2","status":"publish","type":"page","link":"https:\/\/www.fsmasters.lv\/?page_id=1414","title":{"rendered":"Treneri"},"content":{"rendered":"\n<h5 class=\"wp-block-heading\"><a href=\"https:\/\/www.fsmasters.lv\/?page_id=46\">Andris P\u012blups<\/a> &#8211; Masters Ulbroka\/LU (Virsl\u012bga)<\/h5>\n\n\n\n<p>Sav\u0101 karjer\u0101 izc\u012bn\u012bjis vair\u0101kus Latvijas \u010dempionu titulus ar komand\u0101m &#8220;Masters Ulbroka&#8221;, &#8220;RTU\/Inspecta&#8221; un &#8220;RSU&#8221;. No 2012.gada sezonas 2 gadus str\u0101d\u0101jis \u0160veices NLA komand\u0101 &#8220;UHC Uster&#8221;. Bijis Latvijas v\u012brie\u0161u un U19 izla\u0161u treneris. Str\u0101d\u0101jis LSPA k\u0101 florbola pasniedz\u0113js un LFS k\u0101 treneru komitejas vad\u012bt\u0101js.<\/p>\n\n\n\n<h5 class=\"wp-block-heading\"><a href=\"https:\/\/www.fsmasters.lv\/?page_id=333\">Rem\u0101rs Vik\u0101nis<\/a> &#8211; Masters Ulbroka (1.l\u012bga, juniori), Latvijas sievie\u0161u izlase<\/h5>\n\n\n\n<p>Viens no lab\u0101kajiem junioru treneriem Latvij\u0101. Ar izciliem pan\u0101kumiem vada &#8220;Masters Ulbroka&#8221; junioru un 1.l\u012bgas komandas. 2025.gada nogal\u0113 ar Latvijas sievie\u0161u izlasi izc\u012bn\u012bja 5.vietu Pasaules \u010dempion\u0101t\u0101.<\/p>\n\n\n\n<h5 class=\"wp-block-heading\">Mat\u012bss Seleckis &#8211; Masters Ulbroka<\/h5>\n\n\n\n<p>Kaizen Gym fizisk\u0101s sagatavot\u012bbas treneris<\/p>\n\n\n\n<h5 class=\"wp-block-heading\">L\u012bga Vecb\u0113rza &#8211; Masters Ulbroka\/LU<\/h5>\n\n\n\n<p>Fizisk\u0101s sagatavot\u012bbas trenere, m\u0101c\u012bbsp\u0113ks Latvijas Universit\u0101t\u0113, sav\u0101 sportistes karjer\u0101 bijusi viena no top sprinter\u0113m.<\/p>\n\n\n\n<h3 class=\"wp-block-heading has-text-align-center\">L\u012bderi<\/h3>\n\n\n\n<h5 class=\"wp-block-heading\">Rolands Kova\u013cevskis &#8211; Masters Ulbroka\/LU<\/h5>\n\n\n\n<p>Latvijas florbola <em>rokzvaigzne<\/em> (<em>K.Bern\u0101ts<\/em>). Masters Ulbroka sirds. Viens no rezultat\u012bv\u0101kajiem sp\u0113l\u0113t\u0101jiem komand\u0101 un ar\u012b vis\u0101 l\u012bg\u0101. Latvijas izlases l\u012bderis. Vair\u0101ku gadu pieredze Somijas Divari l\u012bg\u0101 Tamperes Koovee.<\/p>\n\n\n\n<h5 class=\"wp-block-heading\">Kri\u0161j\u0101nis Tilti\u0146\u0161 &#8211; Masters Ulbroka\/LU<\/h5>\n\n\n\n<p>\u0160obr\u012bd &#8220;karst\u0101kais&#8221; florbolists Latvij\u0101. P\u0113d\u0113jos gados uzkr\u0101jis sol\u012bdu pieredzi Somijas un Zviedrijas l\u012bg\u0101s, stabils Latvijas izlases dal\u012bbnieks. Univers\u0101ls sp\u0113l\u0113t\u0101js ar augstu rezultativit\u0101ti.<\/p>\n\n\n\n<h5 class=\"wp-block-heading\">Em\u012bls Jan\u010devskis &#8211; Masters Ulbroka\/LU<\/h5>\n\n\n\n<p>Sp\u0113l\u0113t\u0101js, kas visu karjeru pavad\u012bjis Masters un ir piem\u0113rs sp\u0113l\u0113t\u0101ja izaugsmei un iesp\u0113j\u0101m, ko var sasniegt klub\u0101 &#8211; augst\u0101kie sasniegumi junioru \u010dempion\u0101t\u0101, iesp\u0113jas sta\u017e\u0113ties lab\u0101 \u0101rzemju klub\u0101, sasniegta junioru izlase, pieaugu\u0161o izlases kandid\u0101ts, du\u0101l\u0101 karjera jeb studiju Latvijas Universit\u0101t\u0113 un sporto\u0161anas apvieno\u0161ana.<\/p>\n\n\n\n<h5 class=\"wp-block-heading\">Henrijs Gustavs Magons &#8211; Masters Ulbroka\/LU<\/h5>\n\n\n\n<p>Kluba virsl\u012bgas komandas un Latvijas izlases v\u0101rtsargs r\u016bp\u0113sies par nometnes v\u0101rtsargu izgl\u012bto\u0161anu.<\/p>\n\n\n\n<h5 class=\"wp-block-heading\">Gustavs Zari\u0146\u0161, Roberts un Haralds \u0100beles &#8211; Hasselby Hawks (SWE) un Floorball Thurgau (SUI)<\/h5>\n\n\n\n<p>Supertalant\u012bgi un taj\u0101 pa\u0161\u0101 laik\u0101 ar liel\u0101m darbsp\u0113j\u0101m un m\u012blest\u012bbu pret florbolu apvelt\u012bti jaunie\u0161i, kuri pag\u0101ju\u0161o sezonu pavad\u012bja \u0101rzemju klubos &#8211; \u0160veic\u0113 un Zviedrij\u0101. Piedal\u012bj\u0101s nesen notiku\u0161aj\u0101 v\u012brie\u0161u U19 Pasaules \u010dempion\u0101t\u0101 un ir Latvijas v\u012brie\u0161u U19 izlases kandid\u0101ti ar\u012b \u0161aj\u0101 cikl\u0101.<\/p>\n\n\n\n<div class=\"wp-block-columns is-layout-flex wp-container-core-columns-layout-1 wp-block-columns-is-layout-flex\">\n<div class=\"wp-block-column is-layout-flow wp-block-column-is-layout-flow\" style=\"flex-basis:66.66%\"><\/div>\n\n\n\n<div class=\"wp-block-column is-layout-flow wp-block-column-is-layout-flow\" style=\"flex-basis:33.33%\"><\/div>\n<\/div>\n","protected":false},"excerpt":{"rendered":"<p>Andris P\u012blups &#8211; Masters Ulbroka\/LU (Virsl\u012bga) Sav\u0101 karjer\u0101 izc\u012bn\u012bjis vair\u0101kus Latvijas \u010dempionu titulus ar komand\u0101m &#8220;Masters Ulbroka&#8221;, &#8220;RTU\/Inspecta&#8221; un &#8220;RSU&#8221;. No 2012.gada sezonas 2 gadus str\u0101d\u0101jis \u0160veices NLA komand\u0101 &#8220;UHC Uster&#8221;. Bijis Latvijas v\u012brie\u0161u un U19 izla\u0161u treneris. Str\u0101d\u0101jis LSPA k\u0101 florbola pasniedz\u0113js un LFS k\u0101 treneru komitejas vad\u012bt\u0101js. Rem\u0101rs Vik\u0101nis &#8211; Masters Ulbroka (1.l\u012bga, &hellip; <\/p>\n<p class=\"link-more\"><a href=\"https:\/\/www.fsmasters.lv\/?page_id=1414\" class=\"more-link\">Read more<span class=\"screen-reader-text\"> &#8220;Treneri&#8221;<\/span><\/a><\/p>\n","protected":false},"author":1,"featured_media":0,"parent":1406,"menu_order":9,"comment_status":"closed","ping_status":"open","template":"page-full-width.php","meta":{"footnotes":""},"featured_media_urls":[],"_links":{"self":[{"href":"https:\/\/www.fsmasters.lv\/index.php?rest_route=\/wp\/v2\/pages\/1414"}],"collection":[{"href":"https:\/\/www.fsmasters.lv\/index.php?rest_route=\/wp\/v2\/pages"}],"about":[{"href":"https:\/\/www.fsmasters.lv\/index.php?rest_route=\/wp\/v2\/types\/page"}],"author":[{"embeddable":true,"href":"https:\/\/www.fsmasters.lv\/index.php?rest_route=\/wp\/v2\/users\/1"}],"replies":[{"embeddable":true,"href":"https:\/\/www.fsmasters.lv\/index.php?rest_route=%2Fwp%2Fv2%2Fcomments&post=1414"}],"version-history":[{"count":96,"href":"https:\/\/www.fsmasters.lv\/index.php?rest_route=\/wp\/v2\/pages\/1414\/revisions"}],"predecessor-version":[{"id":6931,"href":"https:\/\/www.fsmasters.lv\/index.php?rest_route=\/wp\/v2\/pages\/1414\/revisions\/6931"}],"up":[{"embeddable":true,"href":"https:\/\/www.fsmasters.lv\/index.php?rest_route=\/wp\/v2\/pages\/1406"}],"wp:attachment":[{"href":"https:\/\/www.fsmasters.lv\/index.php?rest_route=%2Fwp%2Fv2%2Fmedia&parent=1414"}],"curies":[{"name":"wp","href":"https:\/\/api.w.org\/{rel}","templated":true}]}}